{"id":211,"date":"2025-05-09T12:31:23","date_gmt":"2025-05-09T12:31:23","guid":{"rendered":"https:\/\/www.lafermedesbedots.be\/?page_id=211"},"modified":"2025-05-09T13:26:56","modified_gmt":"2025-05-09T13:26:56","slug":"maraichage","status":"publish","type":"page","link":"https:\/\/www.lafermedesbedots.be\/index.php\/maraichage\/","title":{"rendered":"Legumes et Mara\u00eechage"},"content":{"rendered":"\n<div class=\"wp-block-columns is-layout-flex wp-container-core-columns-is-layout-1 wp-block-columns-is-layout-flex\">\n<div class=\"wp-block-column is-layout-flow wp-block-column-is-layout-flow\">\n<p>Notre camping dispose de\u00a0<strong>2000m2 de plantation soit 0.2<\/strong> hectares (20 ares)\u00a0o\u00f9 nous cultivons une vari\u00e9t\u00e9 de l\u00e9gumes et fruits bio (choux, courges, courgettes, salades, tomates, fraises, ma\u00efs, pommes de terres et surtout chicons).<\/p>\n\n\n\n<p>Venez d\u00e9couvrir notre potager o\u00f9 nous cultivons avec passion et savoir-faire. Nous vous invitons \u00e0&nbsp;<strong>acheter directement vos produits frais sur place<\/strong>, cueillis \u00e0 m\u00eame la terre pour une fra\u00eecheur incomparable!<\/p>\n\n\n\n<p>Une saveur authentique de notre terroir belge, des l\u00e9gumes qui ont pouss\u00e9 sous vos yeux pendant votre s\u00e9jour, quoi de plus savoureux pour agr\u00e9menter vos repas en camping?<\/p>\n<\/div>\n\n\n\n<div class=\"wp-block-column is-layout-flow wp-block-column-is-layout-flow\">\n<figure class=\"wp-block-image aligncenter size-full is-resized\"><img loading=\"lazy\" decoding=\"async\" width=\"5851\" height=\"3901\" src=\"https:\/\/www.lafermedesbedots.be\/wp-content\/uploads\/2025\/05\/gros-plan-de-la-boite-avec-des-legumes-dans-les-mains-d-un-homme-mur.jpg\" alt=\"\" class=\"wp-image-214\" style=\"width:525px;height:auto\"\/><figcaption class=\"wp-element-caption\">Recolte de fruit (la tomate) et legumes (le reste)<\/figcaption><\/figure>\n<\/div>\n<\/div>\n\n\n\n<p><\/p>\n","protected":false},"excerpt":{"rendered":"<p>Notre camping dispose de\u00a02000m2 de plantation soit 0.2 hectares (20 ares)\u00a0o\u00f9 nous cultivons une vari\u00e9t\u00e9 de l\u00e9gumes et fruits bio (choux, courges, courgettes, salades, tomates, fraises, ma\u00efs, pommes de terres et surtout chicons). Venez d\u00e9couvrir notre potager o\u00f9 nous cultivons avec passion et savoir-faire. Nous vous invitons \u00e0&nbsp;acheter directement vos produits frais sur place, cueillis <a class=\"read-more\" href=\"https:\/\/www.lafermedesbedots.be\/index.php\/maraichage\/\">READ MORE<\/a><\/p>\n","protected":false},"author":1,"featured_media":0,"parent":0,"menu_order":0,"comment_status":"closed","ping_status":"closed","template":"","meta":{"footnotes":""},"class_list":["post-211","page","type-page","status-publish","hentry"],"_links":{"self":[{"href":"https:\/\/www.lafermedesbedots.be\/index.php\/wp-json\/wp\/v2\/pages\/211"}],"collection":[{"href":"https:\/\/www.lafermedesbedots.be\/index.php\/wp-json\/wp\/v2\/pages"}],"about":[{"href":"https:\/\/www.lafermedesbedots.be\/index.php\/wp-json\/wp\/v2\/types\/page"}],"author":[{"embeddable":true,"href":"https:\/\/www.lafermedesbedots.be\/index.php\/wp-json\/wp\/v2\/users\/1"}],"replies":[{"embeddable":true,"href":"https:\/\/www.lafermedesbedots.be\/index.php\/wp-json\/wp\/v2\/comments?post=211"}],"version-history":[{"count":6,"href":"https:\/\/www.lafermedesbedots.be\/index.php\/wp-json\/wp\/v2\/pages\/211\/revisions"}],"predecessor-version":[{"id":255,"href":"https:\/\/www.lafermedesbedots.be\/index.php\/wp-json\/wp\/v2\/pages\/211\/revisions\/255"}],"wp:attachment":[{"href":"https:\/\/www.lafermedesbedots.be\/index.php\/wp-json\/wp\/v2\/media?parent=211"}],"curies":[{"name":"wp","href":"https:\/\/api.w.org\/{rel}","templated":true}]}}