{"id":36,"date":"2022-01-29T11:35:21","date_gmt":"2022-01-29T11:35:21","guid":{"rendered":"http:\/\/www.cinseabedots.be\/wordpress\/?page_id=36"},"modified":"2025-07-12T11:38:57","modified_gmt":"2025-07-12T11:38:57","slug":"histoire","status":"publish","type":"page","link":"https:\/\/www.lafermedesbedots.be\/index.php\/histoire\/","title":{"rendered":"Histoire de la ferme"},"content":{"rendered":"\n<p><\/p>\n\n\n\n<p>Nouveaux propri\u00e9taires :<\/p>\n\n\n\n<p><\/p>\n\n\n\n<p><\/p>\n\n\n\n<p><\/p>\n\n\n\n<p>Ancien propri\u00e9taire :<\/p>\n\n\n\n<p id=\"au-depart-rien-ne-semblait-predisposer-philippe-et-salvina-bodson-marredda-a-devenir-agriculteurs-philippe-est-educateur-de-formation-salvina-est-graduee-en-droit-ils-se-sont-maries-en-1983-un-an-plus-tard-ils-achetent-une-maison-avec-une-dizaine-d-ares-de-terrain-a-waha-dans-l-entite-de-marche-en-famenne-et-pour-entretenir-le-terrain-ils-font-l-acquisition-d-une-brebis-et-de-son-agnelle-il-faut-croire-qu-elles-etaient-porteuses-du-virus-de-l-elevage-et-qu-elles-ont-contamine-le-jeune-couple-en-effet-ce-fut-le-debut-d-un-cheminement-ou-ils-avaient-tout-a-apprendre-apres-18-annees-d-experience-s-en-elevage-ovin-de-tatonnements-fromagers-et-deux-demenagements-ils-acquierent-la-petite-ferme-qui-deviendra-el-cinse-a-bedots-ils-s-y-installent-avec-leurs-enfants-et-leurs-animaux-parmi-lesquels-25-brebis-laitieres-en-2002-philippe-devient-officiellement-agriculteur-d-abord-a-titre-complementaire-puis-en-2004-a-titre-principal-en-2005-ils-entreprennent-la-reconversion-de-leur-exploitation-a-l-agriculture-biologique-en-fait-il-leur-a-suffi-de-changer-de-fournisseur-d-aliments-pour-repondre-aux-criteres-de-l-agriculture-biologique-leur-pratique-anterieure-excluant-deja-l-utilisation-d-engrais-chimiques-et-de-pesticides-la-fermeil-s-agit-d-une-ancienne-ferme-en-pierre-du-pays-la-date-de-sa-construction-est-inconnue-jusqu-en-1910-elle-formait-un-ensemble-avec-l-habitation-sise-au-n-7-de-la-rue-il-s-agissait-d-une-ferme-a-vaches-et-a-du-etre-adaptee-a-l-elevage-ovin-par-les-proprietaires-actuels-elle-couvre-6ha39-de-terrain-dont-3-attenants-aux-batiments-occupes-par-des-patures-et-des-prairies-de-fauche-les-haies-entourant-les-terrains-ont-ete-conservees-et-il-est-prevu-de-reconstituer-les-morceaux-manquants-afin-de-preserver-la-biodiversite-le-troupeau-il-comporte-actuellement-environ-60-brebis-appartenant-a-la-race-mouton-laitier-belge-ces-brebis-sont-issues-d-un-troupeau-laitier-constitue-au-depart-d-une-petite-dizaine-de-brebis-de-races-indeterminees-achetees-de-ci-de-la-et-probablement-originaires-du-bassin-mediterraneen-depuis-maintenant-17-ans-le-belier-change-tous-les-1-a-2-ans-est-un-laitier-belge-de-sorte-que-de-generation-en-generation-l-ensemble-du-troupeau-acquiert-les-standards-de-la-race-tout-en-gardant-une-rusticite-correcte-heritee-des-brebis-d-origine-l-alimentation-l-ete-les-brebis-paturent-les-prairies-entourant-la-ferme-celles-qui-sont-gestantes-allaitantes-ou-traites-recoivent-un-complement-constitue-d-un-melange-de-cereales-triticale-avoine-et-pois-de-pois-de-feveroles-d-avoine-de-lupin-d-epeautre-et-de-mais-le-triticale-l-avoine-et-le-mais-apportent-principalement-de-l-energie-l-epautre-apporte-de-l-energie-des-fibres-et-des-mineraux-les-pois-les-feveroles-et-le-lupin-apportent-un-supplement-de-proteines-l-hiver-comme-elles-ne-peuvent-pas-paturer-outre-le-complement-concentre-elles-recoivent-du-foin-produit-sur-l-exploitation-lorsque-la-recolte-d-un-fermier-bio-des-environs-le-permet-elles-recoivent-aussi-des-betteraves-fourrageres-qui-leur-permettent-de-consommer-des-aliments-frais-et-stimulent-la-lactation-les-fromages-et-autres-produits-laitiers-a-partir-du-lait-des-brebis-salvina-fabrique-la-tomme-de-l-eau-d-heure-le-cerfontaine-le-marine-des-lacs-de-la-maquee-entiere-et-de-la-ricotta-hormis-la-ricotta-qui-necessite-une-montee-en-temperature-tout-est-realise-au-lait-cru-la-tomme-de-l-eau-d-heure-est-un-fromage-issu-d-un-caille-presure-a-pate-pressee-sale-en-saumure-et-a-croute-non-lavee-affine-pendant-3-semaines-a-10-mois-sans-adjonction-de-micro-organismes-de-culture-dans-une-cave-en-pierre-et-brique-la-flore-naturelle-de-la-cave-se-charge-seule-de-sa-maturation-c-est-ce-dernier-point-qui-en-fait-un-produit-unique-et-indissolublement-lie-a-son-terroir-elle-est-vendue-fraiche-sans-affinage-jeune-mi-vieille-ou-vieille-le-cerfontaine-est-fabrique-a-partir-d-un-caille-lactique-et-ne-subit-pas-d-affinage-son-gout-est-legerement-acide-il-est-vendus-nature-ou-assaisonne-aux-8-plantes-au-thym-et-miel-au-poivre-4-saisons-aux-poivrons-a-l-echalotte-a-l-ail-et-fines-herbes-au-melange-mexicain-ou-a-la-ciboulette-le-marine-des-lacs-est-un-cerfontaine-conserve-dans-de-l-huile-d-olives-additionnee-de-plantes-aromatiques-la-ricotta-un-produit-d-origine-italienne-elle-est-fabriquee-a-partir-du-lactoserum-provenant-de-l-egouttage-du-caille-presure-le-lactoserum-additionne-de-10-a-20-de-lait-est-chauffe-ce-qui-provoque-la-coagulation-des-proteines-qui-ne-l-ont-pas-ete-lors-du-caillage-ces-proteines-sont-recoltees-a-l-aide-d-une-ecumoire-mises-en-moule-et-egouttees-la-ricotta-est-onctueuse-son-gout-est-tres-doux-la-maquee-entiere-est-vendue-en-ravier-de-250-grla-commercialisationelle-s-est-d-abord-effectuee-essentiellement-sur-des-marches-fermiers-et-foires-artisanales-cette-maniere-de-proceder-comportait-plusieurs-inconvenients-elle-prenait-beaucoup-de-temps-necessitait-de-longs-deplacements-en-voiture-avec-une-remorque-et-entrainait-donc-une-consommation-elevee-de-gasoil-il-etait-impossible-de-prevoir-quelle-quantite-des-differents-produits-seraient-vendus-et-ce-qui-n-avait-pu-etre-ecoule-finissait-sur-le-fumier-le-laps-de-temps-entre-deux-foires-depassant-souvent-la-duree-de-conservation-de-la-marchandise-ce-fut-toutefois-un-passage-oblige-pour-faire-connaitre-les-produits-aupres-du-public-et-des-commercants-la-certification-biologique-une-participation-au-salon-valeriane-les-contacts-noues-grace-au-travail-du-g-a-l-de-l-entre-sambre-et-meuse-et-le-fait-de-figurer-sur-differents-sites-permirent-heureusement-de-faire-entrer-la-production-d-el-cinse-a-bedots-dans-differents-magasins-specialises-de-la-region-biologiques-ou-de-terroir-diversification-cette-reussite-commerciale-ne-suffit-pourtant-pas-a-assurer-une-rentabilite-a-l-exploitation-c-est-pourquoi-un-camping-a-la-ferme-a-ete-amenage-dans-la-prairie-juste-derriere-les-batiments-l-avenir-a-plus-de-60-ans-on-se-pose-la-question-de-la-reprise-de-l-exploitation-dans-ce-cas-ci-il-existe-bien-un-volontaire-tres-motive-laurent-le-fils-de-la-famille-il-est-litteralement-passionne-par-la-ferme-et-s-y-investit-corps-et-ame-mais-voila-laurent-souffre-de-trisomie-21-et-ne-pourrait-donc-pas-accomplir-seul-toutes-les-taches-necessaires-de-plus-rebecca-leur-fille-est-elle-aussi-handicapee-mentalement-de-la-est-nee-l-idee-d-ouvrir-el-cinse-a-bedots-a-d-autres-personnes-porteuses-d-un-handicap-qui-pourraient-elles-aussi-y-trouver-un-lieu-de-vie-et-un-lieu-ou-se-rendre-utiles-au-travers-d-un-travail-la-creation-d-un-centre-residentiel-pour-personnes-handicapees-mentales-adultes-base-sur-les-activites-de-la-ferme-et-la-transformation-de-ses-produits-a-donc-ete-envisagee-dans-ce-cadre-les-beneficiaires-pourraient-developper-leurs-potentialites-dans-tous-les-aspects-de-leur-personnalite-l-asbl-les-trwes-bedots-a-donc-ete-constituee-a-cette-fin-elle-devrait-accueillir-entre-12-et-24-beneficiaires-mais-en-l-absence-de-financement-public-pour-les-nouvelles-structures-en-region-wallonne-d-autres-pistes-doivent-etre-envisagees\">Au d\u00e9part, rien ne semblait pr\u00e9disposer Philippe et Salvina Bodson-Marredda \u00e0 devenir agriculteurs. Philippe est \u00e9ducateur de formation, Salvina est gradu\u00e9e en droit. Ils se sont mari\u00e9s en 1983. Un an plus tard, ils ach\u00e8tent une maison avec une dizaine d\u2019ares de terrain \u00e0 Waha, dans l\u2019entit\u00e9 de Marche-en Famenne, et pour entretenir le terrain, ils font l\u2019acquisition d\u2019une brebis et de son agnelle. Il faut croire qu\u2019elles \u00e9taient porteuses du virus de l\u2019\u00e9levage et qu\u2019elles ont contamin\u00e9 le jeune couple. En effet, ce fut le d\u00e9but d\u2019un cheminement o\u00f9 ils avaient tout \u00e0 apprendre. Apr\u00e8s&nbsp; 18 ann\u00e9es d\u2019exp\u00e9rience(s) en \u00e9levage ovin, de t\u00e2tonnements fromagers et deux d\u00e9m\u00e9nagements, ils acqui\u00e8rent la petite ferme qui deviendra \u00abEl Cinse \u00e0 B\u00e8dots \u00bb. Ils s\u2019y installent avec leurs enfants et leurs animaux, parmi lesquels 25 brebis laiti\u00e8res.<br>En 2002, Philippe devient officiellement agriculteur, d\u2019abord \u00e0 titre compl\u00e9mentaire, puis, en 2004, \u00e0 titre principal. En 2005, ils entreprennent la reconversion de leur exploitation \u00e0 l\u2019agriculture biologique. En fait, il leur a suffi de changer de fournisseur d\u2019aliments pour r\u00e9pondre aux crit\u00e8res de l\u2019agriculture biologique, leur pratique ant\u00e9rieure excluant d\u00e9j\u00e0 l\u2019utilisation d\u2019engrais chimiques et de pesticides.<br>&nbsp;La ferme<br>Il s\u2019agit d\u2019une ancienne ferme en pierre du pays. La date de sa construction est inconnue. Jusqu\u2019en 1910, elle formait un ensemble avec l\u2019habitation sise au n\u00b07 de la rue. Il s\u2019agissait d\u2019une ferme \u00e0 vaches et a du \u00eatre adapt\u00e9e \u00e0 l\u2019\u00e9levage ovin par les propri\u00e9taires actuels.<br>&nbsp;Elle couvre 6ha39 de terrain (dont 3 attenants aux b\u00e2timents) occup\u00e9s par des p\u00e2tures et des prairies de fauche. Les haies entourant les terrains ont \u00e9t\u00e9 conserv\u00e9es, et il est pr\u00e9vu de reconstituer les morceaux manquants afin de pr\u00e9server la biodiversit\u00e9.<br>Le troupeau.<br>Il comporte actuellement environ 60 brebis appartenant \u00e0 la race \u00ab mouton laitier belge \u00bb. Ces brebis sont issues d\u2019un troupeau laitier constitu\u00e9 au d\u00e9part d\u2019une petite dizaine de brebis de races ind\u00e9termin\u00e9es, achet\u00e9es de-ci de-l\u00e0, et probablement originaires du bassin m\u00e9diterran\u00e9en. Depuis maintenant 17 ans, le b\u00e9lier, chang\u00e9 tous les 1 \u00e0 2 ans, est un laitier belge, de sorte que, de g\u00e9n\u00e9ration en g\u00e9n\u00e9ration, l\u2019ensemble du troupeau acquiert&nbsp; les standards de la race tout en gardant une rusticit\u00e9 correcte h\u00e9rit\u00e9e des brebis d\u2019origine.<br>L\u2019alimentation.<br>L\u2019\u00e9t\u00e9, les brebis p\u00e2turent les prairies entourant la ferme. Celles qui sont gestantes, allaitantes ou traites re\u00e7oivent un compl\u00e9ment constitu\u00e9 d\u2019un m\u00e9lange de c\u00e9r\u00e9ales (triticale, avoine et pois), de pois, de f\u00e9veroles, d\u2019avoine, de lupin, d\u2019\u00e9peautre et de ma\u00efs. Le triticale, l\u2019avoine et le ma\u00efs apportent principalement de l\u2019\u00e9nergie, l\u2019\u00e9pautre apporte de l\u2019\u00e9nergie, des fibres et des min\u00e9raux, les pois, les f\u00e9veroles et le lupin apportent un suppl\u00e9ment de prot\u00e9ines.<br>L\u2019hiver, comme elles ne peuvent pas p\u00e2turer, outre le compl\u00e9ment concentr\u00e9, elles re\u00e7oivent du foin produit sur l\u2019exploitation. Lorsque la r\u00e9colte d\u2019un fermier bio des environs le permet, elles re\u00e7oivent aussi des betteraves fourrag\u00e8res qui leur permettent de consommer des aliments frais et stimulent la lactation.<br>Les fromages et autres produits laitiers.<br>A partir du lait des brebis, Salvina&nbsp; fabrique la \u00ab Tomme de l\u2019Eau d\u2019Heure \u00bb, le \u00ab Cerfontaine \u00bb, le \u00ab Marin\u00e9 des Lacs \u00bb, de la maqu\u00e9e enti\u00e8re et de la ricotta. Hormis La Ricotta qui n\u00e9cessite une mont\u00e9e en temp\u00e9rature, tout est r\u00e9alis\u00e9 au lait cru.<br>La \u00ab Tomme de l\u2019Eau d\u2019Heure \u00bb est un fromage issu d\u2019un caill\u00e9 pr\u00e9sure, \u00e0 p\u00e2te press\u00e9e, sal\u00e9 en saumure et \u00e0 cro\u00fbte non lav\u00e9e, affin\u00e9 pendant 3 semaines \u00e0 10 mois sans adjonction de micro-organismes de culture, dans une cave en pierre et brique. La flore naturelle de la cave se charge seule de sa maturation. C\u2019est ce dernier point qui en fait un produit unique et indissolublement li\u00e9 \u00e0 son terroir. Elle est vendue fra\u00eeche (sans affinage), jeune, mi-vieille ou vieille\u2026<br>Le \u00ab Cerfontaine \u00bb est fabriqu\u00e9 \u00e0 partir d\u2019un caill\u00e9 lactique et ne subit pas d\u2019affinage. Son go\u00fbt est l\u00e9g\u00e8rement acide. Il est vendus \u00ab nature \u00bb ou assaisonn\u00e9 aux 8 plantes, au thym et miel, au poivre 4 saisons, aux poivrons, \u00e0 l\u2019\u00e9chalotte, \u00e0 l\u2019ail et fines herbes, au m\u00e9lange mexicain ou \u00e0 la ciboulette.<br>Le \u00ab Marin\u00e9 des Lacs \u00bb est un \u00ab Cerfontaine \u00bb conserv\u00e9 dans de l\u2019huile d\u2019olives additionn\u00e9e de plantes aromatiques.<br>La Ricotta un produit d\u2019origine italienne. Elle est fabriqu\u00e9e \u00e0 partir du lactos\u00e9rum provenant de l\u2019\u00e9gouttage du caill\u00e9 pr\u00e9sure. Le lactos\u00e9rum, additionn\u00e9 de 10 \u00e0 20% de lait est chauff\u00e9, ce qui provoque la coagulation des prot\u00e9ines qui ne l\u2019ont pas \u00e9t\u00e9 lors du caillage. Ces prot\u00e9ines sont r\u00e9colt\u00e9es \u00e0 l\u2019aide d\u2019une \u00e9cumoire, mises en moule et \u00e9goutt\u00e9es. La ricotta est onctueuse, son go\u00fbt est tr\u00e8s doux.<br>La maqu\u00e9e enti\u00e8re est vendue en ravier de 250 gr<br>La commercialisation<br>Elle s\u2019est d\u2019abord effectu\u00e9e essentiellement sur des march\u00e9s fermiers et foires artisanales. Cette mani\u00e8re de proc\u00e9der comportait plusieurs inconv\u00e9nients. Elle prenait beaucoup de temps, n\u00e9cessitait de longs d\u00e9placements en voiture (avec une remorque) et entra\u00eenait donc une consommation \u00e9lev\u00e9e de gasoil. Il \u00e9tait impossible de pr\u00e9voir quelle quantit\u00e9 des diff\u00e9rents produits seraient vendus, et ce qui n\u2019avait pu \u00eatre \u00e9coul\u00e9 finissait sur le fumier, le laps de temps entre deux foires d\u00e9passant souvent la dur\u00e9e de conservation de la marchandise.<br>Ce fut toutefois un passage oblig\u00e9 pour faire conna\u00eetre les produits aupr\u00e8s du public et des commer\u00e7ants.<br>La certification \u00ab biologique \u00bb, une participation au salon \u00ab Val\u00e9riane \u00bb, les contacts nou\u00e9s gr\u00e2ce au travail du G.A.L. de l\u2019Entre-Sambre-et-Meuse et le fait de figurer sur diff\u00e9rents sites permirent heureusement de faire entrer la production \u00ab d\u2019el Cinse \u00e0 B\u00e8dots \u00bb dans diff\u00e9rents magasins sp\u00e9cialis\u00e9s de la r\u00e9gion (biologiques ou de terroir).<br>Diversification.<br>Cette r\u00e9ussite commerciale ne suffit pourtant pas \u00e0 assurer une rentabilit\u00e9 \u00e0 l\u2019exploitation. C\u2019est pourquoi un camping \u00e0 la ferme a \u00e9t\u00e9 am\u00e9nag\u00e9 dans la prairie juste derri\u00e8re les b\u00e2timents.<br>L\u2019avenir\u2026<br>A plus de 60 ans, on se pose la question de la reprise de l\u2019exploitation. Dans ce cas-ci, il existe bien un volontaire (tr\u00e8s) motiv\u00e9: Laurent, le fils de la famille. Il est litt\u00e9ralement passionn\u00e9 par la ferme et s\u2019y investit corps et \u00e2me. Mais voil\u00e0, Laurent souffre de trisomie 21 et ne pourrait donc pas accomplir seul toutes les t\u00e2ches n\u00e9cessaires. De plus, Rebecca, leur fille, est elle aussi handicap\u00e9e mentalement.<br>De l\u00e0 est n\u00e9e l\u2019id\u00e9e d\u2019ouvrir \u00ab El Cinse \u00e0 B\u00e8dots \u00bb \u00e0 d\u2019autres personnes porteuses d\u2019un handicap qui pourraient, elles aussi, y trouver un lieu de vie et un lieu o\u00f9 se rendre utiles au travers d\u2019un travail. La cr\u00e9ation d\u2019un centre r\u00e9sidentiel pour personnes handicap\u00e9es mentales adultes bas\u00e9 sur les activit\u00e9s de la ferme et la transformation de ses produits a donc \u00e9t\u00e9 envisag\u00e9e. Dans ce cadre, les b\u00e9n\u00e9ficiaires pourraient d\u00e9velopper leurs potentialit\u00e9s dans tous les aspects de leur personnalit\u00e9.<br>L\u2019asbl \u00ab les trw\u00e8s b\u00e8dots \u00bb a donc \u00e9t\u00e9 constitu\u00e9e \u00e0 cette fin. Elle devrait&nbsp; accueillir entre 12 et 24 b\u00e9n\u00e9ficiaires mais en l\u2019absence de financement public pour les nouvelles structures en r\u00e9gion Wallonne, d\u2019autres pistes doivent \u00eatre envisag\u00e9es.<\/p>\n\n\n\n<p>&nbsp;rue de la Redoute, 5, Cerfontaine, 5630, Belgique | 71594116<\/p>\n","protected":false},"excerpt":{"rendered":"<p>Nouveaux propri\u00e9taires : Ancien propri\u00e9taire : Au d\u00e9part, rien ne semblait pr\u00e9disposer Philippe et Salvina Bodson-Marredda \u00e0 devenir agriculteurs. Philippe est \u00e9ducateur de formation, Salvina est gradu\u00e9e en droit. Ils se sont mari\u00e9s en 1983. Un an plus tard, ils ach\u00e8tent une maison avec une dizaine d\u2019ares de terrain \u00e0 Waha, dans l\u2019entit\u00e9 de Marche-en <a class=\"read-more\" href=\"https:\/\/www.lafermedesbedots.be\/index.php\/histoire\/\">READ MORE<\/a><\/p>\n","protected":false},"author":1,"featured_media":0,"parent":0,"menu_order":0,"comment_status":"closed","ping_status":"closed","template":"","meta":{"footnotes":""},"class_list":["post-36","page","type-page","status-publish","hentry"],"_links":{"self":[{"href":"https:\/\/www.lafermedesbedots.be\/index.php\/wp-json\/wp\/v2\/pages\/36"}],"collection":[{"href":"https:\/\/www.lafermedesbedots.be\/index.php\/wp-json\/wp\/v2\/pages"}],"about":[{"href":"https:\/\/www.lafermedesbedots.be\/index.php\/wp-json\/wp\/v2\/types\/page"}],"author":[{"embeddable":true,"href":"https:\/\/www.lafermedesbedots.be\/index.php\/wp-json\/wp\/v2\/users\/1"}],"replies":[{"embeddable":true,"href":"https:\/\/www.lafermedesbedots.be\/index.php\/wp-json\/wp\/v2\/comments?post=36"}],"version-history":[{"count":8,"href":"https:\/\/www.lafermedesbedots.be\/index.php\/wp-json\/wp\/v2\/pages\/36\/revisions"}],"predecessor-version":[{"id":269,"href":"https:\/\/www.lafermedesbedots.be\/index.php\/wp-json\/wp\/v2\/pages\/36\/revisions\/269"}],"wp:attachment":[{"href":"https:\/\/www.lafermedesbedots.be\/index.php\/wp-json\/wp\/v2\/media?parent=36"}],"curies":[{"name":"wp","href":"https:\/\/api.w.org\/{rel}","templated":true}]}}